{"id":27,"date":"2013-06-16T14:44:55","date_gmt":"2013-06-16T14:44:55","guid":{"rendered":"http:\/\/tc-kleinschlageichberg.at\/tcwp\/?page_id=27"},"modified":"2018-05-01T14:46:47","modified_gmt":"2018-05-01T12:46:47","slug":"vorstand","status":"publish","type":"page","link":"https:\/\/tc-kleinschlageichberg.at\/?page_id=27","title":{"rendered":"Vorstand"},"content":{"rendered":"<div id=\"membertable\">\n<div class=\"member memberfloat\">\n<p class=\"membertitle\">Obmann Stv.<\/p>\n<p class=\"membername\">Sch\u00fctzenh\u00f6fer Franz<\/p>\n<\/div>\n<div class=\"member\">\n<p class=\"membertitle\">Obmann<\/p>\n<p class=\"membername\">Glatz Gerhard<\/p>\n<\/div>\n<div class=\"member memberfloat\">\n<p class=\"membertitle\">Schriftf\u00fchrer Stv.<\/p>\n<p class=\"membername\">Pichlh\u00f6fer Benjamin<\/p>\n<\/div>\n<div class=\"member\">\n<p class=\"membertitle\">Schriftf\u00fchrer<\/p>\n<p class=\"membername\">Haidbauer Mathias<\/p>\n<\/div>\n<div class=\"member memberfloat\">\n<p class=\"membertitle\">Kassier Stv.<\/p>\n<p class=\"membername\">Wiedner Wilfried<\/p>\n<\/div>\n<div class=\"member\">\n<p class=\"membertitle\">Kassier<\/p>\n<p class=\"membername\">Maierhofer Thomas<\/p>\n<\/div>\n<\/div>\n","protected":false},"excerpt":{"rendered":"<p>Obmann Stv. Sch\u00fctzenh\u00f6fer Franz Obmann Glatz Gerhard Schriftf\u00fchrer Stv. Pichlh\u00f6fer Benjamin Schriftf\u00fchrer Haidbauer Mathias Kassier Stv. Wiedner Wilfried Kassier Maierhofer Thomas<\/p>\n","protected":false},"author":2,"featured_media":0,"parent":0,"menu_order":0,"comment_status":"closed","ping_status":"open","template":"","meta":{"footnotes":""},"class_list":["post-27","page","type-page","status-publish","hentry"],"_links":{"self":[{"href":"https:\/\/tc-kleinschlageichberg.at\/index.php?rest_route=\/wp\/v2\/pages\/27","targetHints":{"allow":["GET"]}}],"collection":[{"href":"https:\/\/tc-kleinschlageichberg.at\/index.php?rest_route=\/wp\/v2\/pages"}],"about":[{"href":"https:\/\/tc-kleinschlageichberg.at\/index.php?rest_route=\/wp\/v2\/types\/page"}],"author":[{"embeddable":true,"href":"https:\/\/tc-kleinschlageichberg.at\/index.php?rest_route=\/wp\/v2\/users\/2"}],"replies":[{"embeddable":true,"href":"https:\/\/tc-kleinschlageichberg.at\/index.php?rest_route=%2Fwp%2Fv2%2Fcomments&post=27"}],"version-history":[{"count":18,"href":"https:\/\/tc-kleinschlageichberg.at\/index.php?rest_route=\/wp\/v2\/pages\/27\/revisions"}],"predecessor-version":[{"id":1235,"href":"https:\/\/tc-kleinschlageichberg.at\/index.php?rest_route=\/wp\/v2\/pages\/27\/revisions\/1235"}],"wp:attachment":[{"href":"https:\/\/tc-kleinschlageichberg.at\/index.php?rest_route=%2Fwp%2Fv2%2Fmedia&parent=27"}],"curies":[{"name":"wp","href":"https:\/\/api.w.org\/{rel}","templated":true}]}}