{"id":28,"date":"2013-06-16T14:45:04","date_gmt":"2013-06-16T14:45:04","guid":{"rendered":"http:\/\/tc-kleinschlageichberg.at\/tcwp\/?page_id=28"},"modified":"2023-04-10T20:09:01","modified_gmt":"2023-04-10T18:09:01","slug":"wechsellandcup","status":"publish","type":"page","link":"https:\/\/tc-kleinschlageichberg.at\/?page_id=28","title":{"rendered":"Wechsellandcup"},"content":{"rendered":"<p>Der Wechsellandcup ist ein Turnier f\u00fcr Hobbymannschaften aus Nieder\u00f6sterreich, Steiermark und Burgenland. Durch ein ITN Limit f\u00fcr Meisterschaftsspieler sind Wettk\u00e4mpfe auf \u00e4hnlichem Niveau m\u00f6glich.<\/p>\n<p>Unser Verein nimmt bereits seit der Saison 2005 an dieser Veranstaltung teil.<br \/>\n<a href=\"http:\/\/www.wechsellandcup.at\">Zur Wechsellandcup Seite<\/a><\/p>\n<p>Alle Beitr\u00e4ge zu den einzelnen Jahren:<br \/>\n<a href=\"http:\/\/tc-kleinschlageichberg.at\/?cat=4\">2013<\/a><br \/>\n<a href=\"http:\/\/tc-kleinschlageichberg.at\/?cat=7\">2014<\/a><br \/>\n<a href=\"http:\/\/tc-kleinschlageichberg.at\/?cat=8\">2015<\/a><br \/>\n<a href=\"http:\/\/tc-kleinschlageichberg.at\/?cat=9\">2016<\/a><br \/>\n<a href=\"http:\/\/tc-kleinschlageichberg.at\/?cat=10\">2017<\/a><br \/>\n<a href=\"http:\/\/tc-kleinschlageichberg.at\/?cat=11\">2018<\/a><br \/>\n<a href=\"http:\/\/tc-kleinschlageichberg.at\/?cat=12\">2019<\/a><br \/>\n<a href=\"http:\/\/tc-kleinschlageichberg.at\/?cat=14\">2020<\/a><br \/>\n<a href=\"http:\/\/tc-kleinschlageichberg.at\/?cat=15\">2022<\/a><br \/>\n<a href=\"http:\/\/tc-kleinschlageichberg.at\/?cat=16\">2023<\/a><\/p>\n","protected":false},"excerpt":{"rendered":"<p>Der Wechsellandcup ist ein Turnier f\u00fcr Hobbymannschaften aus Nieder\u00f6sterreich, Steiermark und Burgenland. Durch ein ITN Limit f\u00fcr Meisterschaftsspieler sind Wettk\u00e4mpfe auf \u00e4hnlichem Niveau m\u00f6glich. Unser Verein nimmt bereits seit der Saison 2005 an dieser Veranstaltung teil. Zur Wechsellandcup Seite Alle Beitr\u00e4ge zu den einzelnen Jahren: 2013 2014 2015 2016 2017 2018 2019 2020 2022 2023<\/p>\n","protected":false},"author":2,"featured_media":0,"parent":0,"menu_order":0,"comment_status":"closed","ping_status":"open","template":"","meta":{"footnotes":""},"class_list":["post-28","page","type-page","status-publish","hentry"],"_links":{"self":[{"href":"https:\/\/tc-kleinschlageichberg.at\/index.php?rest_route=\/wp\/v2\/pages\/28","targetHints":{"allow":["GET"]}}],"collection":[{"href":"https:\/\/tc-kleinschlageichberg.at\/index.php?rest_route=\/wp\/v2\/pages"}],"about":[{"href":"https:\/\/tc-kleinschlageichberg.at\/index.php?rest_route=\/wp\/v2\/types\/page"}],"author":[{"embeddable":true,"href":"https:\/\/tc-kleinschlageichberg.at\/index.php?rest_route=\/wp\/v2\/users\/2"}],"replies":[{"embeddable":true,"href":"https:\/\/tc-kleinschlageichberg.at\/index.php?rest_route=%2Fwp%2Fv2%2Fcomments&post=28"}],"version-history":[{"count":16,"href":"https:\/\/tc-kleinschlageichberg.at\/index.php?rest_route=\/wp\/v2\/pages\/28\/revisions"}],"predecessor-version":[{"id":1506,"href":"https:\/\/tc-kleinschlageichberg.at\/index.php?rest_route=\/wp\/v2\/pages\/28\/revisions\/1506"}],"wp:attachment":[{"href":"https:\/\/tc-kleinschlageichberg.at\/index.php?rest_route=%2Fwp%2Fv2%2Fmedia&parent=28"}],"curies":[{"name":"wp","href":"https:\/\/api.w.org\/{rel}","templated":true}]}}